(0). Let s = -313 - -388. Calculate the highest common divisor of g and s.
25
Let m be ((-42)/(-3))/((-5)/(-262)*(-4)/(-40)). What is the greatest common factor of m and 56?
56
Let q(r) = 69*r**2 - 2*r + 1. Let o be q(2). Suppose -4*u + o = 17*u. Calculate the greatest common divisor of 611 and u.
13
Let k be (7/3 - 0)*336. Let m be (-4 + 9 - -4) + -27 + (-2747)/(-41). Calculate the greatest common factor of m and k.
49
Let h = 74 + -16. Let p be (-96084)/(-340) + 7/1 - (-10)/25. What is the greatest common factor of p and h?
58
Let j = -8137 - -20485. Calculate the greatest common divisor of j and 72.
36
Let n = 10 + -5. Suppose -40 = -n*a - 2*c - 3*c, -3*c - 4 = -4*a. Let p be ((-1160)/435)/((-1)/(-6)*-1). What is the greatest common factor of a and p?
4
Let w(g) = -79*g + 956. Let l be w(12). Calculate the greatest common divisor of l and 25.
1
Let g be 12/(-54) + (-724)/(-18). Suppose -4*s + g = v + 4*v, -2*s - 6 = -4*v. Suppose 0 = -6*m - 2*m + 24. What is the greatest common divisor of m and v?
1
Suppose 0 = -23*v - 320 - 94. Let y be (1 - -5)*(-1)/(-2). Let l = y - v. Calculate the greatest common divisor of 63 and l.
21
Suppose 2*r + 3*r + 25 = 0, 0 = -3*n + 4*r + 32. Let k(i) = -8*i - 5*i**2 - 12 + 6*i**2 + n*i. Let j be k(7). What is the highest common divisor of 63 and j?
9
Let f(t) = t**3 + 5*t**2 - 8*t + 10. Let m be f(-7). Let q(l) = -15*l - 360. Let g be q(m). Calculate the greatest common divisor of g and 100.
20
Let w = 481 + -478. Let f = -28 + 43. Calculate the greatest common divisor of f and w.
3
Let s be (35/4)/(390/3432). Let d(b) = 9*b + 16. Let h be d(8). Calculate the greatest common divisor of s and h.
11
Let t be (-7120)/(-12)*((-18)/(-5) - 0). Suppose -2*a - 4*a = -t. Suppose 16*r - 268 = a. Calculate the highest common factor of r and 26.
13
Let v be 396460/408 + (-4)/(-34) - 4/(-24). Calculate the greatest common factor of v and 648.
324
Suppose 3 = 2*f - 27. Suppose -136*t = -135*t - 3. Calculate the highest common divisor of f and t.
3
Let n be (-1 - 1)/(2/(-117)). Let a(m) = m - 2. Let h be a(12). Let d be h - (0/2 - (4 + -1)). What is the greatest common factor of d and n?
13
Suppose -4*w - 4*p + 376 = 0, 5*p - 4*p = -5*w + 466. Let z = w - 48. Calculate the highest common factor of 5 and z.
5
Suppose 40*v - 41*v = -433. Let b = v + -201. Suppose b = -3*h - 5*r + 677, -5*h = -4*r - 680. Calculate the greatest common factor of 20 and h.
20
Let f(n) = -n - 16. Let m be f(-12). Let i(y) = 3*y**2 + 6*y + 3. Let r be i(m). Let w be 1 - (-40 - -7) - 7. Calculate the greatest common divisor of w and r.
27
Let b(r) = -r - 13. Let q be b(-6). Let k = -817 - -836. Let y = k - q. What is the highest common factor of 65 and y?
13
Let x(j) = -j**3 - 39*j**2 - 101*j + 315. Let z be x(-36). What is the greatest common divisor of z and 42?
21
Suppose -176*z + 15651 = -129*z. What is the highest common divisor of 148 and z?
37
Suppose 0*a - 3*a + 3*z + 33 = 0, z - 16 = -2*a. Suppose 0 = 15*f + a - 174. What is the greatest common divisor of f and 4?
1
Let g(u) be the first derivative of -u**3/3 - 7*u**2 + 90*u - 251. Let o be g(0). Suppose v - 54 = -2*v. Calculate the highest common divisor of o and v.
18
Let z = -67 + 80. Let j = z + -16. Let p = j - -26. What is the highest common divisor of p and 161?
23
Let c(w) = -2*w**3 + w**2 + 78*w + 246. Let j be c(-3). Calculate the highest common divisor of j and 3525.
75
Suppose 717 = z - 5*c - 921, -3271 = -2*z + 5*c. What is the highest common divisor of z and 2911?
71
Suppose -1 = 2*x - 3*x, -2*p = 4*x - 14. Let h = 252 - 249. Calculate the greatest common divisor of h and p.
1
Let r be (-16)/2*(3/6)/(-1). Suppose 2*i = r*j + 634, 3*j + j - 650 = -2*i. Let y be i/15 + (-4)/10. Calculate the highest common factor of y and 21.
21
Suppose -9248 = -3*k - 2*p, 4*k + 22*p - 26*p = 12324. What is the greatest common factor of 322 and k?
46
Let v(z) = 4*z**2 + 24*z + 58. Let a be v(-4). Let s = -13 - -70. Let k = 109 - s. Calculate the highest common factor of k and a.
26
Let g(o) = o**2 - 71*o + 308. Let x be g(67). Calculate the highest common divisor of 4020 and x.
20
Let x = -154 + 154. Suppose x = 5*c + i - 0*i - 80, -2*c = -4*i - 10. What is the greatest common divisor of 195 and c?
15
Suppose 5*x = -0*x + 25. Let m(k) = -4*k**2 - x - 4 + 3*k + 6*k**2. Let c be m(4). Calculate the highest common factor of c and 5.
5
Let l(u) = 2*u**3 + u**2 + 2*u + 1. Let q be l(5). Let y be (-41 + 1826/44)*132/1. What is the highest common factor of y and q?
22
Let x = 131 - 120. Suppose 320 + 208 = x*t. What is the highest common divisor of 64 and t?
16
Suppose 0 = 75*h - 9878 - 12172. What is the greatest common divisor of h and 840?
42
Suppose 0 = -a - 4*m + 112, -2*a + 161 = -2*m - 103. Let s be (-1)/(5/(825/(-5))). Let w = -17 + s. Calculate the highest common factor of a and w.
16
Let y be -8*(-2 + 21/6). Let p be 54/y*(-24)/9. Let g be (-2)/p + 26/12. Calculate the highest common factor of 14 and g.
2
Let g(i) = 17*i - 57. Let v be g(5). Let c = v + 42. Suppose 7*n - 40 = 3*n. What is the greatest common divisor of n and c?
10
Let a be 3454*4*(-1)/(-8). Calculate the highest common factor of a and 157.
157
Let f = 610 + -597. Suppose 28 = l + 3*c, -8*c = -5*l - 6*c + 55. Calculate the greatest common divisor of f and l.
13
Let o = 89 + -85. Let n be 2/5 + ((-72)/(-20) - o). Let c be (4 - n - -1)*11. Calculate the highest common divisor of c and 5.
5
Let s be (7 + -2 - 94/20) + 92262/60. What is the greatest common factor of 2 and s?
2
Let j be 33771/7 + 303/(-707). Suppose 64*k - j = 46*k. Calculate the greatest common factor of 67 and k.
67
Suppose -2*m - 5*p = -40, -9 + 13 = 2*p. Let j(i) = 6*i**2 - 6*i + 1. Let b be j(4). Let l = b - 28. Calculate the greatest common factor of m and l.
15
Suppose -2*g + 18696 - 4891 = 5*d, 15*g - 103635 = -5*d. Calculate the greatest common divisor of g and 10.
10
Let x = -36387 - -36408. What is the greatest common divisor of 5656 and x?
7
Suppose 26*x - 242 = 15*x. Suppose x*v - 104 = 20*v. Let i be 6/8 + 294/24. Calculate the highest common factor of i and v.
13
Let y = -6393 - -6554. What is the greatest common divisor of y and 14?
7
Suppose 6*b = -6 + 6. Suppose 4*n + 3*f - 25 = 0, -3*n + f + 9 = -b*f. Let d be n/(-8) + (2 - 50/(-4)). Calculate the greatest common divisor of 35 and d.
7
Let i = 19 + 176. Let s = 286 + -283. Suppose 0 = 3*p - 5*w - 219, 2*w - 247 = -s*p - 7. What is the greatest common divisor of i and p?
39
Suppose 0 = -3*m - 81 + 99. Suppose -6*h + 8*h = -m. Let a = 125 - h. Calculate the highest common factor of 32 and a.
32
Let h = -44256 - -44273. Let w be 3 + 0/((-2)/(-2)). Suppose -238 = -w*k + k. Calculate the highest common factor of k and h.
17
Suppose -4*m + 41100 = 14*m - 948. Calculate the highest common divisor of 511 and m.
73
Let i(p) = 2*p**3 + 9*p**2 - 28*p - 15. Let o be i(-6). Calculate the greatest common factor of o and 801.
9
Let b(n) = 20*n**2 + 21*n + 10. Let a be b(-9). What is the greatest common factor of 55 and a?
11
Let x be 61 + -61 + (88/(-2))/2. Let a be -5*(0 + -1) - x. Suppose 0*m - 54 = -m. Calculate the greatest common factor of a and m.
27
Let k = -1673 + 1790. Calculate the greatest common factor of 65 and k.
13
Let y(a) = -644*a + 1293*a - 623*a + 66. Let l be y(9). Calculate the highest common divisor of 36 and l.
12
Let l(m) = -m**3 - 2*m**2 - m + 3. Suppose 8*k = 8 - 40. Let z be l(k). What is the highest common divisor of 3 and z?
3
Let o(y) = 95*y - 4805. Let w be o(52). Suppose 4*q = 4*m - 248, 2*m - 63 = m + 2*q. Suppose 5*b = 14 + m. What is the highest common divisor of b and w?
15
Suppose -5*x + 34373 + 63907 = 9*x. What is the highest common factor of x and 15?
15
Let n be ((-4)/4)/(4 + (-5 - -2)). Let g(s) = -50*s**3 - 1. Let o be g(n). Calculate the greatest common factor of o and 21.
7
Let r = -4782 - -5052. Calculate the highest common factor of r and 10935.
135
Let v = -25 + 42. Let f be (25/75)/((-1)/3). Let l be 8 - ((-8)/f + -51). What is the highest common factor of l and v?
17
Let o be (1035/(-27))/(3/(-81)). What is the highest common factor of 9 and o?
9
Let j = 2980 + -4255. Let b be -2 + 1 + j/(-1 + -2). What is the highest common factor of b and 16?
8
Suppose 6*